est common factor of k and 418.
22
Let i = 856 + -847. Let v(j) = j**3 - 3*j**2 + 24*j - 26. Let z be v(i). Calculate the greatest common factor of 104 and z.
52
Let j = -1040 + 1166. What is the greatest common factor of 966 and j?
42
Let f be 933/9 - 1/(-3). Let j be ((-2652)/(-136))/(42/140). Calculate the greatest common factor of j and f.
13
Let t(u) = -5*u + 17. Let c be t(-1). Suppose 0 = 4*s + 2*g - c, 0*s - 18 = -s - 3*g. What is the highest common factor of s and 16?
1
Suppose 2772 = 68*x - 5*x. Let c be 2/(-8) - (-142)/(-8). Let u = x + c. Calculate the greatest common divisor of u and 13.
13
Suppose 146 = 2*m + l, l = -3*m - 3*l + 224. Let j = -76 - -80. Let s be (-18)/(-5)*10/j. What is the greatest common factor of s and m?
9
Let n be ((-264)/30*-13)/(313/(-45) + 7). What is the highest common divisor of 72 and n?
18
Let w be 77/2*(-15 - -25). Suppose -2*s = -2, 106*s - 109*s - 67 = -f. Calculate the greatest common divisor of f and w.
35
Suppose -5605*i - 4480 = -5610*i + 5*l, 5*i - 2*l - 4471 = 0. What is the greatest common factor of i and 19?
19
Let f be -205*44/(-330)*(-6)/(-2). What is the highest common factor of 8938 and f?
82
Let b be (-4*(-3)/(-10) - 111/(-555))*-7808. Calculate the greatest common factor of 61 and b.
61
Suppose -n + 4*i + 669 = 4*n, 4*n = -5*i + 568. Let r = 202 - n. Calculate the highest common factor of 13 and r.
13
Let u be ((-84)/2)/(-1) - 2. Let p = -26733 + 26773. Calculate the greatest common factor of u and p.
40
Suppose 20*i = -7335 + 18135. Suppose 5*h = 5*t - i, -218 = -0*t - 2*t + h. What is the highest common factor of 275 and t?
55
Let a(s) = -9*s**3 - 5*s**2 + 7*s + 12. Let q be a(-3). Let z = 269 - q. Let i be 60/8*4/3. Calculate the greatest common factor of z and i.
10
Suppose 7 - 2 = 5*n. Let f be 1665/20*(-100)/3825*-17. What is the greatest common divisor of f and n?
1
Let i = -466 + 465. Let a be (-13)/((-52)/(-72))*i. What is the highest common factor of 774 and a?
18
Let t = 8133 - 8103. Calculate the greatest common factor of 1730 and t.
10
Suppose 3*q + 51*s - 28 + 508 = 0, -3*s = -4*q + 141. Let n be 1/(3/81*3). What is the highest common divisor of q and n?
9
Let p = -7961 + 8997. Calculate the greatest common factor of 2664 and p.
148
Let y = -30 + 32. Suppose 5*j + 19 = 6*j - 4*b, -y*b + 43 = 3*j. Calculate the highest common factor of 6 and j.
3
Suppose -195 = 4*f - 2*r - 19, 3*f - 3*r + 132 = 0. Let g be (f/(-2))/(7 + -5). What is the greatest common divisor of g and 132?
11
Suppose -195*d + 2298 = -6282. Calculate the greatest common factor of 41910 and d.
22
Let k = 87 + -44. Suppose 189415 = -7072*r + 7953*r. What is the greatest common factor of k and r?
43
Suppose -174*k = -175*k - b + 398, -404 = -k - 2*b. What is the highest common divisor of k and 441?
49
Let i = 96 - 99. Let a be i/2*2*(-56)/(-12). Let x(k) = k**3 + 14*k**2 - 12*k - 32. Let b be x(a). What is the greatest common factor of b and 17?
17
Let i(p) = -p**2 - 7*p + 10. Let q be i(-6). Let w be ((-2)/(-4))/(5 + 27/(-6)). Let v be 140 + 3/w + 1. What is the highest common divisor of q and v?
16
Let z = -942 - -944. What is the greatest common factor of z and 9?
1
Suppose 3949*i - 3971*i + 396 = 0. Calculate the greatest common divisor of 2556 and i.
18
Suppose -996 = -18*z - 816. Suppose 0 = -3*j + 3*w + 753, -3*j = 4*w - 840 + 94. Calculate the highest common divisor of j and z.
10
Let q be (167 - -4)/(17/(20 - 3)). What is the highest common factor of q and 675?
9
Let n(y) = 74*y**2 - y + 1. Let p be n(-1). Suppose -2*w = 2*z - 150, -z + 2*w + 81 = -3*w. What is the greatest common divisor of p and z?
76
Let p = -6766 - -6865. Let g = 5 + -11. Let m be (-2)/(-4) - 51/g. Calculate the greatest common divisor of m and p.
9
Let b = 1139 + 2417. What is the highest common factor of 28 and b?
28
Suppose 0 = 2*s + l - 183, 5*l - 105 = -s - 0*l. Suppose -5*h + 4*h = -s. Let g(q) = -83*q - 23. Let i be g(-1). Calculate the highest common factor of i and h.
30
Suppose -1416 = -56*k - 240. Calculate the greatest common factor of 4557 and k.
21
Suppose 2*b - 4*b = -2*g + 6, 0 = -3*g - 4*b + 30. Let j be (-12)/24*(2 - 2). Suppose 0 = -j*s + 6*s - 324. Calculate the highest common divisor of s and g.
6
Suppose 0 = h - 81 - 39. Suppose 45*i + 105 = 52*i. Calculate the highest common divisor of h and i.
15
Let p(a) = 2*a**2 + 3*a - 117. Let v = -218 + 225. Let u be p(v). Calculate the greatest common divisor of 11 and u.
1
Let p(d) = d**3 - 9*d**2 + 17*d - 9. Let i be p(7). Suppose -i*j + 340 = -4964. Calculate the greatest common factor of j and 13.
13
Suppose 4*a = -8 - 0. Let n be (4 - a)*(-20)/(-3). Suppose -6*r = -4*r - 80. What is the highest common divisor of n and r?
40
Let t = -1315 + 1750. What is the highest common factor of 10 and t?
5
Let y be (0 - -11) + 1 - 2. Let w(j) = j**3 - 29*j**2 - 304*j + 1. Let l be w(-8). Calculate the highest common divisor of l and y.
5
Let y(c) = -8*c**3 - c**2 - 3*c - 4. Let n be y(-4). Suppose -11*o + n = o. What is the greatest common factor of o and 14?
14
Let b be 4/(-6) + 447/9. Let p(f) = 40*f + 41*f + 28 - 80*f. Let z be p(-21). Calculate the greatest common divisor of z and b.
7
Let v = -303 - -316. Suppose -3432 = -0*l - v*l. Suppose 0 = 4*n + 35 - 131. Calculate the greatest common divisor of l and n.
24
Let g(s) = 9*s**2 + 53*s - 559. Let j be g(10). Calculate the greatest common divisor of j and 52.
13
Suppose 5*a = i + 9220, 1863 = a - 101*i + 97*i. Calculate the greatest common factor of a and 97.
97
Let q(y) = 20*y**2 + 6*y - 246. Let p be q(7). Let o(w) = 7*w**3 + 2*w**2 - w. Let x be o(1). What is the highest common factor of p and x?
8
Let g(w) = 29*w - 3873. Let z be g(147). Calculate the greatest common divisor of z and 810.
30
Suppose 0 = -2*a + 17 - 13. Suppose -n = a, 0*i + i = n + 237. What is the greatest common factor of 94 and i?
47
Suppose 11*h = -4*h + 9*h + 162. Suppose 2*q + 1495 = -0*u + 5*u, 3*q = 4*u - 1203. What is the highest common factor of h and u?
27
Let v(u) be the first derivative of u**4/2 - u**3/3 - 3*u**2 + 6*u + 98. Let t be v(3). What is the greatest common divisor of 22 and t?
11
Suppose -m + 9*b + 4521 = 5*b, -3*m = 2*b - 13591. What is the greatest common divisor of 7 and m?
7
Let t = -1187 - -2272. Suppose -1379 = -22*y + t. What is the highest common factor of 7 and y?
7
Suppose 4*b - 5*r = 41, -3*b + r = 3*r - 48. Let v(h) = -4*h + 15 - h**2 - 8*h - b. Let c be v(-5). What is the highest common factor of 360 and c?
36
Let r = 16 - -49. Suppose -69 - 6 = -15*a. What is the greatest common divisor of a and r?
5
Suppose -22*n - 355809 - 2057107 = 0. Let u be n/(-186) - 2/(-6). What is the highest common factor of 10 and u?
10
Suppose t + g - 2096 = 11720, 4*t = -3*g + 55272. Calculate the greatest common divisor of t and 108.
108
Suppose 3*k - 39 = 3*s, -2*k + 14 + 8 = -s. Calculate the highest common factor of 69 and k.
3
Let i = 4400 - 4301. Calculate the highest common divisor of i and 18.
9
Let w be -1*(0 - -3)*4. Let b be (-54)/w - 3/(-6). Suppose 335 = b*x - p, 2*p + p = 5*x - 345. What is the highest common divisor of 6 and x?
6
Let d(v) = -v**2 - 5*v - 13. Let s be d(-5). Let l = s - -16. Suppose -3*q + 4*j + 99 = l*j, 2*q + 3*j - 55 = 0. What is the highest common factor of q and 48?
16
Let u be -9*((1 - -1) + -3). Suppose -i + 71 = -3*z, -5*z - 126 = -5*i - 21. Let q be (7/5 + 10/z)*1. Calculate the highest common divisor of q and u.
1
Let v(x) = x**3 + x**2 - x + 200. Let j be v(0). Suppose 0 = 4*y - j + 40. Calculate the greatest common divisor of y and 190.
10
Suppose 3*m = 3*d + 11997, -17*m + 2*d = -55366 - 12557. Calculate the highest common factor of 595 and m.
85
Let o(u) = u**2 - 5. Let d be o(4). Let f(g) = 1949*g + 15603. Let q be f(-8). Calculate the greatest common factor of q and d.
11
Suppose 2*r = 4*f - 2026, 512 = f - 24*r + 29*r. Calculate the highest common divisor of 12 and f.
3
Suppose -3*k = -4*a - 143 - 113, -12 = 3*a. Calculate the greatest common factor of 1320 and k.
40
Let q = -20353 + 61055. What is the highest common factor of 94 and q?
94
Let q = -2456 + 2470. Calculate the highest common divisor of q and 2366.
14
Suppose j = 2, -3*c - 48 + 272 = -2*j. Let r = 52 + -43. Let b be